{"id":52,"date":"2011-05-06T23:44:52","date_gmt":"2011-05-06T23:44:52","guid":{"rendered":"http:\/\/www.xn--municipalidaddecamia-m7b.cl\/?page_id=52"},"modified":"2026-03-11T22:15:17","modified_gmt":"2026-03-12T01:15:17","slug":"prueba","status":"publish","type":"page","link":"http:\/\/www.imcam.cl\/blog\/index.php\/prueba\/","title":{"rendered":"Contacto"},"content":{"rendered":"\n<p><strong>Direcci\u00f3n:<\/strong> Arturo Prat s\/n, Cami\u00f1a<br><strong>Tel\u00e9fono :<\/strong> 991617196<br><strong>Correo electr\u00f3nico :<\/strong> transparencia@municipalidaddecamina.cl<br><a href=\"https:\/\/www.portaltransparencia.cl\/PortalPdT\/ingreso-sai-v2?idOrgTa=MU025\">Solicitar informaci\u00f3n Ley de Transparencia<\/a><br><a href=\"https:\/\/www.portaltransparencia.cl\/PortalPdT\/directorio-de-organismos-regulados\/?org=MU025\">Transparencia Activa<\/a><\/p>\n\n\n\n<p><\/p>\n","protected":false},"excerpt":{"rendered":"<p>Direcci\u00f3n: Arturo Prat s\/n, Cami\u00f1aTel\u00e9fono : 991617196Correo electr\u00f3nico : transparencia@municipalidaddecamina.clSolicitar informaci\u00f3n Ley de TransparenciaTransparencia Activa<\/p>\n","protected":false},"author":1,"featured_media":0,"parent":0,"menu_order":0,"comment_status":"open","ping_status":"open","template":"contact-form.php","meta":{"footnotes":""},"class_list":["post-52","page","type-page","status-publish","hentry"],"_links":{"self":[{"href":"http:\/\/www.imcam.cl\/blog\/index.php\/wp-json\/wp\/v2\/pages\/52"}],"collection":[{"href":"http:\/\/www.imcam.cl\/blog\/index.php\/wp-json\/wp\/v2\/pages"}],"about":[{"href":"http:\/\/www.imcam.cl\/blog\/index.php\/wp-json\/wp\/v2\/types\/page"}],"author":[{"embeddable":true,"href":"http:\/\/www.imcam.cl\/blog\/index.php\/wp-json\/wp\/v2\/users\/1"}],"replies":[{"embeddable":true,"href":"http:\/\/www.imcam.cl\/blog\/index.php\/wp-json\/wp\/v2\/comments?post=52"}],"version-history":[{"count":2,"href":"http:\/\/www.imcam.cl\/blog\/index.php\/wp-json\/wp\/v2\/pages\/52\/revisions"}],"predecessor-version":[{"id":1209,"href":"http:\/\/www.imcam.cl\/blog\/index.php\/wp-json\/wp\/v2\/pages\/52\/revisions\/1209"}],"wp:attachment":[{"href":"http:\/\/www.imcam.cl\/blog\/index.php\/wp-json\/wp\/v2\/media?parent=52"}],"curies":[{"name":"wp","href":"https:\/\/api.w.org\/{rel}","templated":true}]}}

<p><strong>Dirección:</strong> Arturo Prat s/n, Camiña<br><strong>Teléfono :</strong> 991617196<br><strong>Correo electrónico :</strong> transparencia@municipalidaddecamina.cl<br><a href="https://www.portaltransparencia.cl/PortalPdT/ingreso-sai-v2?idOrgTa=MU025">Solicitar información Ley de Transparencia</a><br><a href="https://www.portaltransparencia.cl/PortalPdT/directorio-de-organismos-regulados/?org=MU025">Transparencia Activa</a></p>



<p></p>

<p>Dirección: Arturo Prat s/n, CamiñaTeléfono : 991617196Correo electrónico : transparencia@municipalidaddecamina.clSolicitar información Ley de TransparenciaTransparencia Activa</p>
